{"id":4732,"date":"2024-07-07T19:37:33","date_gmt":"2024-07-07T17:37:33","guid":{"rendered":"https:\/\/fvbadsaulgau.de\/?page_id=4732"},"modified":"2024-07-08T15:21:23","modified_gmt":"2024-07-08T13:21:23","slug":"jugend-leitlinie","status":"publish","type":"page","link":"https:\/\/fvbadsaulgau.de\/index.php\/jugend-leitlinie\/","title":{"rendered":"Jugend Leitlinie"},"content":{"rendered":"\t\t<div data-elementor-type=\"wp-page\" data-elementor-id=\"4732\" class=\"elementor elementor-4732\" data-elementor-post-type=\"page\">\n\t\t\t\t<div class=\"elementor-element elementor-element-43bc2640 e-flex e-con-boxed e-con e-parent\" data-id=\"43bc2640\" data-element_type=\"container\">\n\t\t\t\t\t<div class=\"e-con-inner\">\n\t\t\t\t<div class=\"elementor-element elementor-element-4abe8b6 elementor-widget elementor-widget-heading\" data-id=\"4abe8b6\" data-element_type=\"widget\" data-widget_type=\"heading.default\">\n\t\t\t\t<div class=\"elementor-widget-container\">\n\t\t\t\t\t<h2 class=\"elementor-heading-title elementor-size-default\">Jugend Leitlinie - Roadmap f\u00fcr unsere Jugend<\/h2>\t\t\t\t<\/div>\n\t\t\t\t<\/div>\n\t\t\t\t<div class=\"elementor-element elementor-element-56b0190a elementor-widget elementor-widget-text-editor\" data-id=\"56b0190a\" data-element_type=\"widget\" data-widget_type=\"text-editor.default\">\n\t\t\t\t<div class=\"elementor-widget-container\">\n\t\t\t\t\t\t\t\t\t<p><strong><br \/>Im FV Bad Saulgau 04 steht die Entwicklung junger Talente im Zentrum unserer Bem\u00fchungen.<\/strong> Unsere Jugendphilosophie reflektiert diese Verpflichtung und richtet sich an alle, die Teil unserer Fu\u00dfballgemeinschaft sind \u2013 Spieler, Trainer, Eltern und Unterst\u00fctzer. Sie ist eine Leitlinie, die verdeutlicht, wie wir unsere Spieler nicht nur als Fu\u00dfballer, sondern auch als Menschen formen wollen. Sie umfasst die Entwicklung technischer F\u00e4higkeiten, physischer Kondition, taktischen Verst\u00e4ndnisses und vor allem der Pers\u00f6nlichkeit. Unser Ansatz ist ganzheitlich, indem wir die sportliche Ausbildung mit der F\u00f6rderung von Schl\u00fcsselwerten wie Fairplay, Respekt und Teamgeist verbinden. Dieser ganzheitliche Ansatz spiegelt sich in jeder Phase der Spielerentwicklung wider und bildet das Herzst\u00fcck unserer Vereinsphilosophie.<br \/><br \/><\/p>\n<h3>1. Ganzheitliche Entwicklung:<\/h3>\n<ul>\n<li><strong>Technische F\u00e4higkeiten:<\/strong> Jede Altersstufe erh\u00e4lt altersgerechte technische Ausbildung, die von den Grundlagen bis zu fortgeschrittenen Fertigkeiten reicht.<\/li>\n<li><strong>Physische Konditionierung:<\/strong> Gezieltes Training zur Entwicklung von Kraft, Ausdauer, Schnelligkeit und Beweglichkeit entsprechend der Altersklasse.<\/li>\n<li><strong>Taktisches Verst\u00e4ndnis:<\/strong> F\u00f6rderung des Spielverst\u00e4ndnisses und der taktischen F\u00e4higkeiten, angepasst an die jeweilige Entwicklungsphase der Spieler.<\/li>\n<\/ul>\n<h3><br \/>2. Pers\u00f6nlichkeitsentwicklung:<\/h3>\n<ul>\n<li><strong>Kernwerte:<\/strong> Intensive Vermittlung von Fairplay, Respekt und Teamgeist.<\/li>\n<li><strong>Soziale Kompetenzen:<\/strong> F\u00f6rderung von Selbstvertrauen, Verantwortungsbewusstsein und Kooperationsf\u00e4higkeit.<\/li>\n<li><strong>Selbstst\u00e4ndigkeit und Kritikf\u00e4higkeit:<\/strong> Ermutigung zu selbstst\u00e4ndigem Denken und Handeln sowie zum konstruktiven Umgang mit Feedback.<\/li>\n<\/ul>\n<h3><br \/>3. Gemeinschaft und Identit\u00e4t:<\/h3>\n<ul>\n<li><strong>Vereinskultur:<\/strong> St\u00e4rkung des Zusammengeh\u00f6rigkeitsgef\u00fchls und Identifikation mit den Werten des FV Bad Saulgau 04.<\/li>\n<li><strong>Einbindung der Eltern:<\/strong> Aktive Einbeziehung der Eltern in den Ausbildungsprozess und F\u00f6rderung der Kommunikation zwischen Trainern, Spielern und Eltern.<\/li>\n<\/ul>\n<h3><br \/>4. Engagement und Verantwortung:<\/h3>\n<ul>\n<li><strong>Engagement der Spieler:<\/strong> Erwartung von Leidenschaft, Engagement und der Bereitschaft, Verantwortung f\u00fcr die eigene Entwicklung zu \u00fcbernehmen.<\/li>\n<li><strong>Rolle der Trainer:<\/strong> Trainer agieren als Mentoren und Vorbilder, die technische F\u00e4higkeiten vermitteln und gleichzeitig die pers\u00f6nliche Entwicklung der Spieler f\u00f6rdern.<\/li>\n<\/ul>\n<p><strong><br \/><br \/>Unsere Philosophie zielt darauf ab, junge Spieler nicht nur f\u00fcr den Erfolg im Fu\u00dfball, sondern auch f\u00fcr Herausforderungen und Chancen im Leben au\u00dferhalb des Spielfelds vorzubereiten.<\/strong> Der FV Bad Saulgau 04 verpflichtet sich, eine Umgebung zu schaffen, in der sich junge Talente sowohl sportlich als auch pers\u00f6nlich entfalten k\u00f6nnen.<\/p>\n\t\t\t\t\t\t\t\t<\/div>\n\t\t\t\t<\/div>\n\t\t\t\t<div class=\"elementor-element elementor-element-ce00346 elementor-widget elementor-widget-spacer\" data-id=\"ce00346\" data-element_type=\"widget\" data-widget_type=\"spacer.default\">\n\t\t\t\t<div class=\"elementor-widget-container\">\n\t\t\t\t\t\t\t<div class=\"elementor-spacer\">\n\t\t\t<div class=\"elementor-spacer-inner\"><\/div>\n\t\t<\/div>\n\t\t\t\t\t\t<\/div>\n\t\t\t\t<\/div>\n\t\t\t\t<div class=\"elementor-element elementor-element-0e11863 elementor-widget elementor-widget-heading\" data-id=\"0e11863\" data-element_type=\"widget\" data-widget_type=\"heading.default\">\n\t\t\t\t<div class=\"elementor-widget-container\">\n\t\t\t\t\t<h2 class=\"elementor-heading-title elementor-size-default\">Jugend-Philosophie<\/h2>\t\t\t\t<\/div>\n\t\t\t\t<\/div>\n\t\t\t\t<div class=\"elementor-element elementor-element-92c0253 elementor-widget elementor-widget-text-editor\" data-id=\"92c0253\" data-element_type=\"widget\" data-widget_type=\"text-editor.default\">\n\t\t\t\t<div class=\"elementor-widget-container\">\n\t\t\t\t\t\t\t\t\t<p><strong>Bambini (U7)<\/strong><\/p>\n<ul>\n<li><strong>Philosophie:<\/strong> Bei den Bambini steht die Freude am Spiel im Vordergrund. Wir f\u00f6rdern spielerisch die ersten fu\u00dfballerischen F\u00e4higkeiten und legen Wert darauf, dass die Kinder Spa\u00df und Begeisterung f\u00fcr den Sport entwickeln. Gemeinsam schaffen wir eine Umgebung, in der sie sich sicher und wohlf\u00fchlen k\u00f6nnen.<\/li>\n<li><strong>Slogan:<\/strong> &#8220;Mit Spa\u00df ins Abenteuer Fu\u00dfball!&#8221;<\/li>\n<\/ul>\n<p><strong>F-Junioren (U8 &#8211; U9)<\/strong><\/p>\n<ul>\n<li><strong>Philosophie:<\/strong> Die F-Junioren lernen die grundlegenden Techniken des Fu\u00dfballs. Unser Fokus liegt auf der F\u00f6rderung von Teamgeist und Fairplay, w\u00e4hrend die Kinder ihre F\u00e4higkeiten spielerisch weiterentwickeln. Jeder Trainingstag ist eine neue Gelegenheit, gemeinsam zu wachsen und die Begeisterung f\u00fcr den Sport zu vertiefen.<\/li>\n<li><strong>Slogan:<\/strong> &#8220;Gemeinsam stark, spielend lernen!&#8221;<\/li>\n<\/ul>\n<p><strong>E-Junioren (U10 &#8211; U11)<\/strong><\/p>\n<ul>\n<li><strong>Philosophie:<\/strong> Bei den E-Junioren f\u00f6rdern wir die technische und taktische Ausbildung unserer Spieler. Teamarbeit und Respekt sind zentrale Werte, die in jedem Training und Spiel gelebt werden. Unsere Spieler lernen, sich Herausforderungen zu stellen und ihre individuellen F\u00e4higkeiten im Team zu verbessern.<\/li>\n<li><strong>Slogan:<\/strong> &#8220;Technik trifft Teamgeist!&#8221;<\/li>\n<\/ul>\n<p><strong>D-Junioren (U12 &#8211; U13)<\/strong><\/p>\n<ul>\n<li><strong>Philosophie:<\/strong> Die D-Junioren vertiefen ihre fu\u00dfballerischen F\u00e4higkeiten und erweitern ihr taktisches Verst\u00e4ndnis. Wir legen gro\u00dfen Wert auf die Entwicklung von Selbstvertrauen und Verantwortung. Die Spieler werden ermutigt, sich aktiv einzubringen und ihre Rolle im Team zu finden.<\/li>\n<li><strong>Slogan:<\/strong> &#8220;Verantwortung \u00fcbernehmen, Erfolg erleben!&#8221;<\/li>\n<\/ul>\n<p><strong>C-Junioren (U14 &#8211; U15)<\/strong><\/p>\n<ul>\n<li><strong>Philosophie:<\/strong> Bei den C-Junioren bereiten wir die Spieler intensiv auf die h\u00f6heren Anforderungen des Fu\u00dfballs vor. Durch gezieltes Training f\u00f6rdern wir ihre technische und physische Entwicklung. Wir legen gro\u00dfen Wert auf Disziplin und die F\u00e4higkeit, im Team zu agieren und gemeinsam Ziele zu erreichen.<\/li>\n<li><strong>Slogan:<\/strong> &#8220;Disziplin und Leidenschaft \u2013 unser Weg zum Erfolg!&#8221;<\/li>\n<\/ul>\n<p><strong>B-Junioren (U16 &#8211; U17)<\/strong><\/p>\n<ul>\n<li><strong>Philosophie:<\/strong> Die B-Junioren stehen kurz vor dem \u00dcbergang in den Erwachsenenfu\u00dfball. Wir bereiten sie darauf vor, durch intensive Trainingseinheiten und die Vermittlung einer starken mentalen Haltung. Die Spieler lernen, sich auf hohem Niveau zu behaupten und ihre individuellen St\u00e4rken ins Team einzubringen.<\/li>\n<li><strong>Slogan:<\/strong> &#8220;Bereit f\u00fcr die Zukunft \u2013 unser Spiel, unser Team!&#8221;<\/li>\n<\/ul>\n<p><strong>A-Junioren (U18-U19)<\/strong><\/p>\n<ul>\n<li><strong>Philosophie:<\/strong> Bei den A-Junioren steht die Vorbereitung auf den Seniorenbereich im Mittelpunkt. Wir f\u00f6rdern eine Kultur der Exzellenz und des kontinuierlichen Lernens. Die Spieler werden darauf vorbereitet, als Vorbilder und F\u00fchrungspers\u00f6nlichkeiten zu agieren, sowohl auf als auch neben dem Platz.<\/li>\n<li><strong>Slogan:<\/strong> &#8220;Exzellenz im Fokus \u2013 unsere Zeit ist jetzt!&#8221;<\/li>\n<\/ul>\t\t\t\t\t\t\t\t<\/div>\n\t\t\t\t<\/div>\n\t\t\t\t\t<\/div>\n\t\t\t\t<\/div>\n\t\t\t\t<\/div>\n\t\t","protected":false},"excerpt":{"rendered":"<p>Jugend Leitlinie &#8211; Roadmap f\u00fcr unsere Jugend Im FV Bad Saulgau 04 steht die Entwicklung junger Talente im Zentrum unserer Bem\u00fchungen. Unsere Jugendphilosophie reflektiert diese Verpflichtung und richtet sich an alle, die Teil unserer Fu\u00dfballgemeinschaft sind \u2013 Spieler, Trainer, Eltern und Unterst\u00fctzer. Sie ist eine Leitlinie, die verdeutlicht, wie wir unsere Spieler nicht nur als [&hellip;]<\/p>\n","protected":false},"author":1,"featured_media":0,"parent":0,"menu_order":0,"comment_status":"closed","ping_status":"closed","template":"","meta":{"_acf_changed":false,"footnotes":""},"sponsor":[],"class_list":["post-4732","page","type-page","status-publish","hentry"],"acf":[],"_links":{"self":[{"href":"https:\/\/fvbadsaulgau.de\/index.php\/wp-json\/wp\/v2\/pages\/4732","targetHints":{"allow":["GET"]}}],"collection":[{"href":"https:\/\/fvbadsaulgau.de\/index.php\/wp-json\/wp\/v2\/pages"}],"about":[{"href":"https:\/\/fvbadsaulgau.de\/index.php\/wp-json\/wp\/v2\/types\/page"}],"author":[{"embeddable":true,"href":"https:\/\/fvbadsaulgau.de\/index.php\/wp-json\/wp\/v2\/users\/1"}],"replies":[{"embeddable":true,"href":"https:\/\/fvbadsaulgau.de\/index.php\/wp-json\/wp\/v2\/comments?post=4732"}],"version-history":[{"count":0,"href":"https:\/\/fvbadsaulgau.de\/index.php\/wp-json\/wp\/v2\/pages\/4732\/revisions"}],"wp:attachment":[{"href":"https:\/\/fvbadsaulgau.de\/index.php\/wp-json\/wp\/v2\/media?parent=4732"}],"wp:term":[{"taxonomy":"sponsor","embeddable":true,"href":"https:\/\/fvbadsaulgau.de\/index.php\/wp-json\/wp\/v2\/sponsor?post=4732"}],"curies":[{"name":"wp","href":"https:\/\/api.w.org\/{rel}","templated":true}]}}